{"id":1936,"date":"2019-05-07T09:30:49","date_gmt":"2019-05-07T07:30:49","guid":{"rendered":"https:\/\/www.hvezdarna.cz\/sveduvedu\/?page_id=1936"},"modified":"2021-06-16T13:28:14","modified_gmt":"2021-06-16T11:28:14","slug":"organizatori","status":"publish","type":"page","link":"https:\/\/www.hvezdarna.cz\/sveduvedu\/organizatori\/","title":{"rendered":"O projektu"},"content":{"rendered":"<p>Kdy se za\u010dnou se na Marsu zal\u00e9vat kv\u011btiny recyklovanou mo\u010d\u00ed? Jak vznikaj\u00ed \u010dern\u00e9 d\u00edry? Kter\u00e1 mutace genu zp\u016fsob\u00ed, \u017ee je leuk\u00e9mie d\u011bdi\u010dn\u00e1? A&nbsp;jak to v\u0161echno souvis\u00ed s\u00a0Brnem? Nejen na tyto ot\u00e1zky se v\u00a0pilotn\u00edch d\u00edlech nov\u00e9ho seri\u00e1lu Svedu v\u011bdu pt\u00e1 herec a&nbsp;moder\u00e1tor <a href=\"https:\/\/cs.wikipedia.org\/wiki\/Tom%C3%A1%C5%A1_Matonoha\">Tom\u00e1\u0161 Matonoha<\/a>. Pro odpov\u011b\u010f si za\u0161el k\u00a0t\u011bm nejpovolan\u011bj\u0161\u00edm \u2013 za \u0161pi\u010dkov\u00fdmi v\u011bdci p\u016fsob\u00edc\u00edmi v\u00a0na\u0161em m\u011bst\u011b. Nejde p\u0159itom jen o&nbsp;rozhovory se sv\u011btov\u00fdmi v\u011bdeck\u00fdmi hv\u011bzdami. Tom\u00e1\u0161e zaj\u00edm\u00e1 i&nbsp;mlhovina, kter\u00e1 se vzn\u00e1\u0161\u00ed nad jejich pracovi\u0161ti. D\u00edky kameraman\u016fm se tak pod\u00edv\u00e1te do kuchyn\u011b v\u011bdeck\u00fdch center, kter\u00e1 se zapojuj\u00ed do glob\u00e1ln\u00edch projekt\u016f.\u00a0<\/p>\n<p>V\u00a0uplynul\u00fdch m\u011bs\u00edc\u00edch pod taktovkou Hv\u011bzd\u00e1rny a&nbsp;planet\u00e1ria Brno vznikly prvn\u00ed t\u0159i d\u00edly, kter\u00e9 se dot\u00fdkaj\u00ed nejen hv\u011bzd, ale tak\u00e9 ot\u00e1zek \u017eivota a&nbsp;smrti. Sv\u016fj v\u00fdzkum vesm\u00edru odhal\u00ed sv\u011btov\u00fd astrofyzik <a href=\"https:\/\/www.sci.muni.cz\/o-nas\/zamestnanci-fakulty\/239396-norbert-werner\/kvalifikace\">Norbert Werner<\/a>, fungov\u00e1n\u00ed startu raket a&nbsp;vyn\u00e1\u0161en\u00ed dru\u017eic na ob\u011b\u017enou dr\u00e1hu pop\u00ed\u0161ou kluci z\u00a0firmy<a href=\"https:\/\/sabaerospace.cz\/\"> SAB Aerospace<\/a>. Odvypr\u00e1v\u00edme v\u00e1m tak\u00e9 p\u0159\u00edb\u011bh, kter\u00fd dokazuje, \u017ee d\u00edky spolupr\u00e1ci v\u011bdc\u016f a&nbsp;l\u00e9ka\u0159\u016f um\u00edme zachr\u00e1nit nejen jeden lidsk\u00fd \u017eivot, ale \u017eivot cel\u00fdch rodin. Odhal\u00edme d\u00edky n\u011bmu i&nbsp;dramata, kter\u00e1 se odehr\u00e1vaj\u00ed pod prosklenou st\u0159echou <a href=\"https:\/\/www.ceitec.cz\/\">CEITECu<\/a> nedaleko bohunick\u00e9 nemocnice.<\/p>\n<p>Pokud se v\u00e1m bude n\u00e1\u0161 pohled na v\u011bdu l\u00edbit, pokus\u00edme se p\u0159in\u00e1\u0161et p\u0159\u00edb\u011bhy na\u0161ich v\u011bdeck\u00fdch hv\u011bzd i&nbsp;na podzim. Do t\u00e9 doby n\u00e1m to m\u016f\u017eete d\u00e1t najevo na na\u0161ich <a href=\"https:\/\/www.facebook.com\/hvezdarna.brno\">soci\u00e1ln\u00edch s\u00edt\u00edch.<\/a><\/p>\n<p>Projekt podpo\u0159il <a href=\"https:\/\/www.jmk.cz\/\">Jihomoravsk\u00fd kraj<\/a> prost\u0159ednictv\u00edm programu Jihomoravsk\u00fd kraj fand\u00ed v\u011bd\u011b. Videa vznikly pod hlavi\u010dkou <a href=\"https:\/\/www.hvezdarna.cz\/\">Hv\u011bzd\u00e1rny a&nbsp;planet\u00e1ria Brno<\/a> . Tv\u016frcem vide\u00ed je <a href=\"https:\/\/www.filmondo.cz\/\">Filmondo<\/a>.\u00a0<\/p>\n<p>Pod\u011bkov\u00e1n\u00ed: <a href=\"https:\/\/www.hotelinternational.cz\/\">Best Western Premier Hotel International Brno<\/a><\/p>\n<p>&nbsp;<\/p>\n","protected":false},"excerpt":{"rendered":"<p>Kdy se za\u010dnou se na Marsu zal\u00e9vat kv\u011btiny recyklovanou mo\u010d\u00ed? Jak vznikaj\u00ed \u010dern\u00e9 d\u00edry? Kter\u00e1 mutace genu zp\u016fsob\u00ed, \u017ee je leuk\u00e9mie d\u011bdi\u010dn\u00e1? A&nbsp;jak to v\u0161echno souvis\u00ed s\u00a0Brnem? Nejen na tyto ot\u00e1zky se v\u00a0pilotn\u00edch d\u00edlech nov\u00e9ho seri\u00e1lu Svedu v\u011bdu pt\u00e1 herec a&nbsp;moder\u00e1tor Tom\u00e1\u0161 Matonoha. Pro odpov\u011b\u010f si za\u0161el k\u00a0t\u011bm nejpovolan\u011bj\u0161\u00edm \u2013 za \u0161pi\u010dkov\u00fdmi v\u011bdci p\u016fsob\u00edc\u00edmi v\u00a0na\u0161em [&hellip;]<\/p>\n","protected":false},"author":1,"featured_media":0,"parent":0,"menu_order":0,"comment_status":"closed","ping_status":"closed","template":"","meta":[],"_links":{"self":[{"href":"https:\/\/www.hvezdarna.cz\/sveduvedu\/wp-json\/wp\/v2\/pages\/1936"}],"collection":[{"href":"https:\/\/www.hvezdarna.cz\/sveduvedu\/wp-json\/wp\/v2\/pages"}],"about":[{"href":"https:\/\/www.hvezdarna.cz\/sveduvedu\/wp-json\/wp\/v2\/types\/page"}],"author":[{"embeddable":true,"href":"https:\/\/www.hvezdarna.cz\/sveduvedu\/wp-json\/wp\/v2\/users\/1"}],"replies":[{"embeddable":true,"href":"https:\/\/www.hvezdarna.cz\/sveduvedu\/wp-json\/wp\/v2\/comments?post=1936"}],"version-history":[{"count":26,"href":"https:\/\/www.hvezdarna.cz\/sveduvedu\/wp-json\/wp\/v2\/pages\/1936\/revisions"}],"predecessor-version":[{"id":2595,"href":"https:\/\/www.hvezdarna.cz\/sveduvedu\/wp-json\/wp\/v2\/pages\/1936\/revisions\/2595"}],"wp:attachment":[{"href":"https:\/\/www.hvezdarna.cz\/sveduvedu\/wp-json\/wp\/v2\/media?parent=1936"}],"curies":[{"name":"wp","href":"https:\/\/api.w.org\/{rel}","templated":true}]}}